 remainder when 447554 is divided by 3177.
2774
What is the remainder when 2298997 is divided by 114?
73
Calculate the remainder when 305851 is divided by 3000.
2851
What is the remainder when 149163 is divided by 49619?
306
Calculate the remainder when 77290099 is divided by 63.
61
Calculate the remainder when 24141464 is divided by 10152.
8
What is the remainder when 242800 is divided by 600?
400
What is the remainder when 2227735 is divided by 111?
76
Calculate the remainder when 21156551 is divided by 72.
71
Calculate the remainder when 392975 is divided by 1191.
1136
Calculate the remainder when 32140 is divided by 30155.
1985
Calculate the remainder when 2044654 is divided by 1288.
598
What is the remainder when 4909386 is divided by 69146?
20
Calculate the remainder when 51312334 is divided by 1283.
32
Calculate the remainder when 19962919 is divided by 671.
669
Calculate the remainder when 14858806 is divided by 1088.
1078
Calculate the remainder when 587486 is divided by 943.
940
Calculate the remainder when 88274 is divided by 28801.
1871
What is the remainder when 34372 is divided by 4288?
68
What is the remainder when 3745449 is divided by 5?
4
What is the remainder when 363213 is divided by 360?
333
Calculate the remainder when 243341 is divided by 34711.
364
What is the remainder when 54418545 is divided by 388?
381
Calculate the remainder when 618415 is divided by 8710.
5
Calculate the remainder when 208200598 is divided by 1081.
1079
Calculate the remainder when 8903053 is divided by 149.
5
Calculate the remainder when 4169865 is divided by 12.
9
What is the remainder when 45540257 is divided by 1339419?
11
Calculate the remainder when 52618184 is divided by 35.
24
Calculate the remainder when 172743 is divided by 17263.
113
What is the remainder when 30461630 is divided by 61?
60
What is the remainder when 533964 is divided by 39?
15
Calculate the remainder when 221068780 is divided by 148.
144
What is the remainder when 381530 is divided by 4329?
578
What is the remainder when 11094843 is divided by 119?
116
What is the remainder when 53303401 is divided by 8?
1
Calculate the remainder when 520355 is divided by 103652.
2095
What is the remainder when 17236845 is divided by 26?
15
Calculate the remainder when 182421 is divided by 57073.
11202
What is the remainder when 130902 is divided by 975?
252
What is the remainder when 1787768 is divided by 1751?
1748
What is the remainder when 3506399 is divided by 3176?
95
Calculate the remainder when 6469 is divided by 5410.
1059
What is the remainder when 15296917 is divided by 449909?
11
Calculate the remainder when 2009581509 is divided by 2973.
2970
What is the remainder when 2650023 is divided by 1324933?
157
What is the remainder when 50226912 is divided by 5022689?
22
Calculate the remainder when 150871 is divided by 7180.
91
What is the remainder when 3105640 is divided by 621105?
115
What is the remainder when 8803658 is divided by 2275?
1683
What is the remainder when 51933007 is divided by 610976?
47
What is the remainder when 16345 is divided by 7482?
1381
Calculate the remainder when 20010670 is divided by 6670223.
1
Calculate the remainder when 3318862 is divided by 98.
92
Calculate the remainder when 200190 is divided by 254.
38
What is the remainder when 39832167 is divided by 1067?
1057
What is the remainder when 9624839 is divided by 54?
41
Calculate the remainder when 2579346 is divided by 322384.
274
What is the remainder when 22250176 is divided by 901?
882
What is the remainder when 9920950 is divided by 294?
214
What is the remainder when 1805326 is divided by 2761?
2393
What is the remainder when 323852 is divided by 1929?
1709
Calculate the remainder when 13025039 is divided by 586.
17
Calculate the remainder when 6298789 is divided by 3381.
3367
Calculate the remainder when 14792307 is divided by 1410.
1407
Calculate the remainder when 620458779 is divided by 43.
40
Calculate the remainder when 4621288 is divided by 5318.
5264
Calculate the remainder when 82331005 is divided by 230.
205
Calculate the remainder when 2966971 is divided by 606.
601
What is the remainder when 113840317 is divided by 4065725?
17
Calculate the remainder when 594273 is divided by 88.
9
Calculate the remainder when 7270244 is divided by 24.
20
What is the remainder when 17752386 is divided by 7014?
6966
Calculate the remainder when 420618 is divided by 54.
12
What is the remainder when 3672818 is divided by 2673?
116
Calculate the remainder when 91998374 is divided by 137.
134
What is the remainder when 906327 is divided by 906267?
60
What is the remainder when 285549 is divided by 273?
264
Calculate the remainder when 3718054 is divided by 263.
23
Calculate the remainder when 8770 is divided by 1309.
916
What is the remainder when 35168 is divided by 34499?
669
What is the remainder when 201363542 is divided by 436?
430
What is the remainder when 171800 is divided by 85224?
1352
Calculate the remainder when 3503041 is divided by 700607.
6
What is the remainder when 351460707 is divided by 2186?
2185
What is the remainder when 780787 is divided by 260258?
13
What is the remainder when 3776854 is divided by 151074?
4
Calculate the remainder when 33752206 is divided by 1730.
1636
Calculate the remainder when 795451 is divided by 135.
31
What is the remainder when 760829 is divided by 44?
25
Calculate the remainder when 39290 is divided by 2521.
1475
Calculate the remainder when 5688166 is divided by 365.
6
Calculate the remainder when 1574146 is divided by 8842.
270
What is the remainder when 310542 is divided by 23885?
37
Calculate the remainder when 111245355 is divided by 73.
71
What is the remainder when 2593298 is divided by 201?
197
What is the remainder when 261562 is divided by 560?
42
What is the remainder when 540732 is divided by 29731?
5574
What is the remainder when 783809 is divided by 130586?
293
What is the remainder when 1102940 is divided by 751?
472
Calculate the remainder when 136346 is divided by 3403.
226
What is the remainder when 7839173 is divided by 979896?
5
What is the remainder when 163718042 is divided by 16?
10
Calculate the remainder when 1892332 is divided by 49798.
8
Calculate the remainder when 7807 is divided by 12.
7
What is the remainder when 151914 is divided by 1651?
22
What is the remainder when 65701 is divided by 317?
82
What is the remainder when 736793 is divided by 4633?
146
What is the remainder when 405026 is divided by 500?
26
What is the remainder when 208169 is divided by 1016?
905
What is the remainder when 1375481 is divided by 11?
8
Calculate the remainder when 172501 is divided by 42463.
2649
What is the remainder when 3590949 is divided by 115836?
33
Calculate the remainder when 722720 is divided by 203.
40
What is the remainder when 10679651 is divided by 1372?
3
What is the remainder when 19267 is divided by 724?
443
Calculate the remainder when 8695339 is divided by 4347663.
13
What is the remainder when 14657535 is divided by 2928?
2895
What is the remainder when 113753 is divided by 1663?
669
Calculate the remainder when 1385353 is divided by 2528.
9
What is the remainder when 347028 is divided by 956?
0
Calculate the remainder when 16976535 is divided by 1609.
1585
Calculate the remainder when 927207 is divided by 7187.
84
What is the remainder when 663505173 is divided by 219?
216
Calculate the remainder when 702689 is divided by 233984.
737
Calculate the remainder when 36414597 is divided by 120.
117
Calculate the remainder when 841837 is divided by 302.
163
What is the remainder when 850126 is divided by 77?
46
What is the remainder when 3453080 is divided by 383675?
5
What is the remainder when 19789 is divided by 1207?
477
What is the remainder when 279258 is divided by 167?
34
What is the remainder when 4387108 is divided by 53?
33
Calculate the remainder when 202183 is divided by 12612.
391
Calculate the remainder when 314065 is divided by 434.
283
What is the remainder when 197869 is divided by 39566?
39
Calculate the remainder when 3336835 is divided by 3336767.
68
Calculate the remainder when 20266377 is divided by 17.
14
What is the remainder when 941966 is divided by 28?
18
What is the remainder when 9820313